{"id":4353,"date":"2018-04-11T09:28:35","date_gmt":"2018-04-11T09:28:35","guid":{"rendered":"http:\/\/www.relibet.ee\/woromotouus\/?page_id=4353"},"modified":"2018-08-07T00:23:34","modified_gmt":"2018-08-07T00:23:34","slug":"jarelmaks","status":"publish","type":"page","link":"https:\/\/www.relibet.ee\/woromotouus\/jarelmaks\/","title":{"rendered":"J\u00e4relmaks"},"content":{"rendered":"\t\t<div data-elementor-type=\"wp-post\" data-elementor-id=\"4353\" class=\"elementor elementor-4353 elementor-bc-flex-widget\" data-elementor-post-type=\"page\">\n\t\t\t\t\t\t<section class=\"elementor-section elementor-top-section elementor-element elementor-element-155f6dc1 elementor-section-full_width elementor-section-height-min-height elementor-reverse-mobile elementor-section-stretched elementor-section-height-default elementor-section-items-middle\" data-id=\"155f6dc1\" data-element_type=\"section\" data-e-type=\"section\" data-settings=\"{&quot;background_background&quot;:&quot;classic&quot;,&quot;stretch_section&quot;:&quot;section-stretched&quot;}\">\n\t\t\t\t\t\t\t<div class=\"elementor-background-overlay\"><\/div>\n\t\t\t\t\t\t\t<div class=\"elementor-container elementor-column-gap-default\">\n\t\t\t\t\t<div class=\"elementor-column elementor-col-100 elementor-top-column elementor-element elementor-element-10597906\" data-id=\"10597906\" data-element_type=\"column\" data-e-type=\"column\">\n\t\t\t<div class=\"elementor-widget-wrap elementor-element-populated\">\n\t\t\t\t\t\t<div class=\"elementor-element elementor-element-1f2f9ecc elementor-widget elementor-widget-heading\" data-id=\"1f2f9ecc\" data-element_type=\"widget\" data-e-type=\"widget\" data-widget_type=\"heading.default\">\n\t\t\t\t<div class=\"elementor-widget-container\">\n\t\t\t\t\t<h1 class=\"elementor-heading-title elementor-size-large\">Mototehnika j\u00e4relmaks<\/h1>\t\t\t\t<\/div>\n\t\t\t\t<\/div>\n\t\t\t\t\t<\/div>\n\t\t<\/div>\n\t\t\t\t\t<\/div>\n\t\t<\/section>\n\t\t\t\t<section class=\"elementor-section elementor-top-section elementor-element elementor-element-7a14e96 elementor-section-boxed elementor-section-height-default elementor-section-height-default\" data-id=\"7a14e96\" data-element_type=\"section\" data-e-type=\"section\" data-settings=\"{&quot;background_background&quot;:&quot;classic&quot;}\">\n\t\t\t\t\t\t<div class=\"elementor-container elementor-column-gap-default\">\n\t\t\t\t\t<div class=\"elementor-column elementor-col-100 elementor-top-column elementor-element elementor-element-80b33a4\" data-id=\"80b33a4\" data-element_type=\"column\" data-e-type=\"column\">\n\t\t\t<div class=\"elementor-widget-wrap elementor-element-populated\">\n\t\t\t\t\t\t<div class=\"elementor-element elementor-element-2090b48 elementor-widget elementor-widget-heading\" data-id=\"2090b48\" data-element_type=\"widget\" data-e-type=\"widget\" data-widget_type=\"heading.default\">\n\t\t\t\t<div class=\"elementor-widget-container\">\n\t\t\t\t\t<h2 class=\"elementor-heading-title elementor-size-default\">Milleks oodata, osta kohe!<\/h2>\t\t\t\t<\/div>\n\t\t\t\t<\/div>\n\t\t\t\t\t<\/div>\n\t\t<\/div>\n\t\t\t\t\t<\/div>\n\t\t<\/section>\n\t\t\t\t<section class=\"elementor-section elementor-top-section elementor-element elementor-element-1c0d0df elementor-section-boxed elementor-section-height-default elementor-section-height-default\" data-id=\"1c0d0df\" data-element_type=\"section\" data-e-type=\"section\" data-settings=\"{&quot;background_background&quot;:&quot;classic&quot;}\">\n\t\t\t\t\t\t<div class=\"elementor-container elementor-column-gap-default\">\n\t\t\t\t\t<div class=\"elementor-column elementor-col-100 elementor-top-column elementor-element elementor-element-2a695f0\" data-id=\"2a695f0\" data-element_type=\"column\" data-e-type=\"column\">\n\t\t\t<div class=\"elementor-widget-wrap elementor-element-populated\">\n\t\t\t\t\t\t<div class=\"elementor-element elementor-element-ee6ee32 elementor-widget elementor-widget-text-editor\" data-id=\"ee6ee32\" data-element_type=\"widget\" data-e-type=\"widget\" data-widget_type=\"text-editor.default\">\n\t\t\t\t<div class=\"elementor-widget-container\">\n\t\t\t\t\t\t\t\t\t<p>Enam ei pea Sa ootama ja raha koguma, et endale head mototehnikat osta, sest Relibet O\u00dc pakub oma klientidele lihtsat, kiiret ja usaldusv\u00e4\u00e4rset mototehnika j\u00e4relmaksu. Mototehnika j\u00e4relmaks on mugav viis vajaliku kauba soetamiseks, olenemata sellest, mis panga klient te olete. J\u00e4relmaksu vormistamiseks on vajalik kauplusesse kaasa v\u00f5tta isikut t\u00f5endav dokument.<\/p>\t\t\t\t\t\t\t\t<\/div>\n\t\t\t\t<\/div>\n\t\t\t\t\t<\/div>\n\t\t<\/div>\n\t\t\t\t\t<\/div>\n\t\t<\/section>\n\t\t\t\t<section class=\"elementor-section elementor-top-section elementor-element elementor-element-1f41329 elementor-section-boxed elementor-section-height-default elementor-section-height-default\" data-id=\"1f41329\" data-element_type=\"section\" data-e-type=\"section\" data-settings=\"{&quot;background_background&quot;:&quot;classic&quot;}\">\n\t\t\t\t\t\t<div class=\"elementor-container elementor-column-gap-default\">\n\t\t\t\t\t<div class=\"elementor-column elementor-col-50 elementor-top-column elementor-element elementor-element-4f8acb8\" data-id=\"4f8acb8\" data-element_type=\"column\" data-e-type=\"column\">\n\t\t\t<div class=\"elementor-widget-wrap elementor-element-populated\">\n\t\t\t\t\t\t<div class=\"elementor-element elementor-element-60843be elementor-widget elementor-widget-heading\" data-id=\"60843be\" data-element_type=\"widget\" data-e-type=\"widget\" data-widget_type=\"heading.default\">\n\t\t\t\t<div class=\"elementor-widget-container\">\n\t\t\t\t\t<h3 class=\"elementor-heading-title elementor-size-default\">Liisi j\u00e4relmaks<\/h3>\t\t\t\t<\/div>\n\t\t\t\t<\/div>\n\t\t\t\t<div class=\"elementor-element elementor-element-27a0b25 elementor-widget elementor-widget-text-editor\" data-id=\"27a0b25\" data-element_type=\"widget\" data-e-type=\"widget\" data-widget_type=\"text-editor.default\">\n\t\t\t\t<div class=\"elementor-widget-container\">\n\t\t\t\t\t\t\t\t\t<p style=\"font-weight: 400;\">J\u00e4relmaks aitab teid vajaliku kauba soetamisel. J\u00e4relmaksu v\u00f5ivad taotleda k\u00f5ik v\u00e4hemalt 18-aastased Eesti Vabariigi kodanikud v\u00f5i Eestis alalist elamisluba omavad inimesed. J\u00e4relmaksu saamiseks tuleb p\u00f6\u00f6rduda m\u00f5ne meie koost\u00f6\u00f6partneri poole v\u00f5i saata laenutaotlus otse\u00a0<a href=\"https:\/\/klient.liisi.ee\/\">Liisi kodulehelt<\/a>.<\/p>\t\t\t\t\t\t\t\t<\/div>\n\t\t\t\t<\/div>\n\t\t\t\t<div class=\"elementor-element elementor-element-e73a443 elementor-widget elementor-widget-image\" data-id=\"e73a443\" data-element_type=\"widget\" data-e-type=\"widget\" data-widget_type=\"image.default\">\n\t\t\t\t<div class=\"elementor-widget-container\">\n\t\t\t\t\t\t\t\t\t\t\t\t\t\t\t<img fetchpriority=\"high\" decoding=\"async\" width=\"324\" height=\"164\" src=\"https:\/\/www.relibet.ee\/woromotouus\/wp-content\/uploads\/2018\/04\/liisi_logo.png\" class=\"attachment-full size-full wp-image-4509\" alt=\"\" srcset=\"https:\/\/www.relibet.ee\/woromotouus\/wp-content\/uploads\/2018\/04\/liisi_logo.png 324w, https:\/\/www.relibet.ee\/woromotouus\/wp-content\/uploads\/2018\/04\/liisi_logo-300x152.png 300w\" sizes=\"(max-width: 324px) 100vw, 324px\" \/>\t\t\t\t\t\t\t\t\t\t\t\t\t\t\t<\/div>\n\t\t\t\t<\/div>\n\t\t\t\t<div class=\"elementor-element elementor-element-b8db417 elementor-widget elementor-widget-text-editor\" data-id=\"b8db417\" data-element_type=\"widget\" data-e-type=\"widget\" data-widget_type=\"text-editor.default\">\n\t\t\t\t<div class=\"elementor-widget-container\">\n\t\t\t\t\t\t\t\t\t<p style=\"font-weight: 400;\">J\u00e4relmaksulepingu s\u00f5lmimiseks peate p\u00f6\u00f6rduma W\u00f5ro Moto kauplusse. Leping s\u00f5lmitakse otse kaupluses.\u00a0<\/p><ul style=\"font-weight: 400;\"><li>j\u00e4relmaksu taotluse saate t\u00e4ita\u00a0<a href=\"https:\/\/klient.liisi.ee\/taotlus\">siin<\/a><\/li><li>laenulepingu \u00fcldtingimustega saate tutvuda\u00a0<a href=\"http:\/\/liisi.ee\/index.php?3,996,16,1\">siit<\/a><\/li><li>hinnakirjaga saate tutvuda\u00a0<a href=\"http:\/\/liisi.ee\/index.php?3,997,16,1\">siit<\/a><\/li><li>kui peaksime k\u00fcsima konto v\u00e4ljav\u00f5tet, leiad selle v\u00f5tmise juhendi\u00a0<a href=\"http:\/\/www.liisi.ee\/index.php?3,994,16,1\">siit<\/a><\/li><\/ul><p style=\"font-weight: 400;\">Teenusepakkujaks on Koduliising O\u00dc. Krediidi kulukuse m\u00e4\u00e4r on 32,96% aastas j\u00e4rgmistel n\u00e4idistingimustel: j\u00e4relmaksu summa 450 \u20ac, lepingu periood 12 kuud.<\/p><p style=\"font-weight: 400;\"><span style=\"font-weight: bold; font-size: 15px; font-style: normal;\"><span style=\"font-size: 15px; font-weight: bold;\">T\u00e4pse laenupakkumise saamiseks p\u00f6\u00f6rdu kaupmehe poole!<\/span><\/span><\/p>\t\t\t\t\t\t\t\t<\/div>\n\t\t\t\t<\/div>\n\t\t\t\t\t<\/div>\n\t\t<\/div>\n\t\t\t\t<div class=\"elementor-column elementor-col-50 elementor-top-column elementor-element elementor-element-c721226\" data-id=\"c721226\" data-element_type=\"column\" data-e-type=\"column\">\n\t\t\t<div class=\"elementor-widget-wrap elementor-element-populated\">\n\t\t\t\t\t\t<div class=\"elementor-element elementor-element-257cc96 elementor-widget elementor-widget-shortcode\" data-id=\"257cc96\" data-element_type=\"widget\" data-e-type=\"widget\" data-widget_type=\"shortcode.default\">\n\t\t\t\t<div class=\"elementor-widget-container\">\n\t\t\t\t\t\t\t<div class=\"elementor-shortcode\">\n<!-- iframe plugin v.6.0 wordpress.org\/plugins\/iframe\/ -->\n<iframe src=\"https:\/\/klient.liisi.ee\/leasing_limit?template=blue&#038;source=www.relibet.ee\" width=\"100%\" height=\"360\" scrolling=\"yes\" class=\"iframe-class\" frameborder=\"0\"><\/iframe>\n<\/div>\n\t\t\t\t\t\t<\/div>\n\t\t\t\t<\/div>\n\t\t\t\t<div class=\"elementor-element elementor-element-56436d4 elementor-widget elementor-widget-shortcode\" data-id=\"56436d4\" data-element_type=\"widget\" data-e-type=\"widget\" data-widget_type=\"shortcode.default\">\n\t\t\t\t<div class=\"elementor-widget-container\">\n\t\t\t\t\t\t\t<div class=\"elementor-shortcode\">\n<!-- iframe plugin v.6.0 wordpress.org\/plugins\/iframe\/ -->\n<iframe src=\"https:\/\/klient.liisi.ee\/calculator\" height=\"250\" width=\"100%\" scrolling=\"yes\" class=\"iframe-class\" frameborder=\"0\"><\/iframe>\n<\/div>\n\t\t\t\t\t\t<\/div>\n\t\t\t\t<\/div>\n\t\t\t\t\t<\/div>\n\t\t<\/div>\n\t\t\t\t\t<\/div>\n\t\t<\/section>\n\t\t\t\t<\/div>\n\t\t","protected":false},"excerpt":{"rendered":"<p>Mototehnika j\u00e4relmaks Milleks oodata, osta kohe! Enam ei pea Sa ootama ja raha koguma, et endale head mototehnikat osta, sest Relibet O\u00dc pakub oma klientidele lihtsat, kiiret ja usaldusv\u00e4\u00e4rset mototehnika j\u00e4relmaksu. Mototehnika j\u00e4relmaks on mugav viis vajaliku kauba soetamiseks, olenemata sellest, mis panga klient te olete. J\u00e4relmaksu vormistamiseks on vajalik kauplusesse kaasa v\u00f5tta isikut t\u00f5endav [&hellip;]<\/p>\n","protected":false},"author":1,"featured_media":0,"parent":0,"menu_order":0,"comment_status":"closed","ping_status":"closed","template":"","meta":{"site-sidebar-layout":"no-sidebar","site-content-layout":"page-builder","ast-site-content-layout":"default","site-content-style":"default","site-sidebar-style":"default","ast-global-header-display":"","ast-banner-title-visibility":"","ast-main-header-display":"","ast-hfb-above-header-display":"","ast-hfb-below-header-display":"","ast-hfb-mobile-header-display":"","site-post-title":"disabled","ast-breadcrumbs-content":"","ast-featured-img":"disabled","footer-sml-layout":"","ast-disable-related-posts":"","theme-transparent-header-meta":"","adv-header-id-meta":"","stick-header-meta":"","header-above-stick-meta":"","header-main-stick-meta":"","header-below-stick-meta":"","astra-migrate-meta-layouts":"default","ast-page-background-enabled":"default","ast-page-background-meta":{"desktop":{"background-color":"","background-image":"","background-repeat":"repeat","background-position":"center center","background-size":"auto","background-attachment":"scroll","background-type":"","background-media":"","overlay-type":"","overlay-color":"","overlay-opacity":"","overlay-gradient":""},"tablet":{"background-color":"","background-image":"","background-repeat":"repeat","background-position":"center center","background-size":"auto","background-attachment":"scroll","background-type":"","background-media":"","overlay-type":"","overlay-color":"","overlay-opacity":"","overlay-gradient":""},"mobile":{"background-color":"","background-image":"","background-repeat":"repeat","background-position":"center center","background-size":"auto","background-attachment":"scroll","background-type":"","background-media":"","overlay-type":"","overlay-color":"","overlay-opacity":"","overlay-gradient":""}},"ast-content-background-meta":{"desktop":{"background-color":"var(--ast-global-color-5)","background-image":"","background-repeat":"repeat","background-position":"center center","background-size":"auto","background-attachment":"scroll","background-type":"","background-media":"","overlay-type":"","overlay-color":"","overlay-opacity":"","overlay-gradient":""},"tablet":{"background-color":"var(--ast-global-color-5)","background-image":"","background-repeat":"repeat","background-position":"center center","background-size":"auto","background-attachment":"scroll","background-type":"","background-media":"","overlay-type":"","overlay-color":"","overlay-opacity":"","overlay-gradient":""},"mobile":{"background-color":"var(--ast-global-color-5)","background-image":"","background-repeat":"repeat","background-position":"center center","background-size":"auto","background-attachment":"scroll","background-type":"","background-media":"","overlay-type":"","overlay-color":"","overlay-opacity":"","overlay-gradient":""}},"footnotes":""},"class_list":["post-4353","page","type-page","status-publish","hentry"],"yoast_head":"<!-- This site is optimized with the Yoast SEO plugin v27.5 - https:\/\/yoast.com\/product\/yoast-seo-wordpress\/ -->\n<title>J\u00e4relmaks - W\u00f5ro Moto<\/title>\n<meta name=\"description\" content=\"W\u00f5ro Moto pakub v\u00f5imalust osta roller, mopeed v\u00f5i varuosasid ka j\u00e4relamaksu peale - tutvu tingimuste ja v\u00f5imalustega t\u00e4psemalt.\" \/>\n<meta name=\"robots\" content=\"index, follow, max-snippet:-1, max-image-preview:large, max-video-preview:-1\" \/>\n<link rel=\"canonical\" href=\"https:\/\/www.relibet.ee\/woromotouus\/jarelmaks\/\" \/>\n<meta property=\"og:locale\" content=\"et_EE\" \/>\n<meta property=\"og:type\" content=\"article\" \/>\n<meta property=\"og:title\" content=\"J\u00e4relmaks - W\u00f5ro Moto\" \/>\n<meta property=\"og:description\" content=\"W\u00f5ro Moto pakub v\u00f5imalust osta roller, mopeed v\u00f5i varuosasid ka j\u00e4relamaksu peale - tutvu tingimuste ja v\u00f5imalustega t\u00e4psemalt.\" \/>\n<meta property=\"og:url\" content=\"https:\/\/www.relibet.ee\/woromotouus\/jarelmaks\/\" \/>\n<meta property=\"og:site_name\" content=\"W\u00f5ro Moto\" \/>\n<meta property=\"article:modified_time\" content=\"2018-08-07T00:23:34+00:00\" \/>\n<meta property=\"og:image\" content=\"https:\/\/www.relibet.ee\/woromotouus\/wp-content\/uploads\/2018\/04\/liisi_logo.png\" \/>\n<meta name=\"twitter:card\" content=\"summary_large_image\" \/>\n<meta name=\"twitter:label1\" content=\"Est. reading time\" \/>\n\t<meta name=\"twitter:data1\" content=\"1 minut\" \/>\n<script type=\"application\/ld+json\" class=\"yoast-schema-graph\">{\"@context\":\"https:\\\/\\\/schema.org\",\"@graph\":[{\"@type\":\"WebPage\",\"@id\":\"https:\\\/\\\/www.relibet.ee\\\/woromotouus\\\/jarelmaks\\\/\",\"url\":\"https:\\\/\\\/www.relibet.ee\\\/woromotouus\\\/jarelmaks\\\/\",\"name\":\"J\u00e4relmaks - W\u00f5ro Moto\",\"isPartOf\":{\"@id\":\"https:\\\/\\\/www.relibet.ee\\\/woromotouus\\\/#website\"},\"primaryImageOfPage\":{\"@id\":\"https:\\\/\\\/www.relibet.ee\\\/woromotouus\\\/jarelmaks\\\/#primaryimage\"},\"image\":{\"@id\":\"https:\\\/\\\/www.relibet.ee\\\/woromotouus\\\/jarelmaks\\\/#primaryimage\"},\"thumbnailUrl\":\"https:\\\/\\\/www.relibet.ee\\\/woromotouus\\\/wp-content\\\/uploads\\\/2018\\\/04\\\/liisi_logo.png\",\"datePublished\":\"2018-04-11T09:28:35+00:00\",\"dateModified\":\"2018-08-07T00:23:34+00:00\",\"description\":\"W\u00f5ro Moto pakub v\u00f5imalust osta roller, mopeed v\u00f5i varuosasid ka j\u00e4relamaksu peale - tutvu tingimuste ja v\u00f5imalustega t\u00e4psemalt.\",\"breadcrumb\":{\"@id\":\"https:\\\/\\\/www.relibet.ee\\\/woromotouus\\\/jarelmaks\\\/#breadcrumb\"},\"inLanguage\":\"et\",\"potentialAction\":[{\"@type\":\"ReadAction\",\"target\":[\"https:\\\/\\\/www.relibet.ee\\\/woromotouus\\\/jarelmaks\\\/\"]}]},{\"@type\":\"ImageObject\",\"inLanguage\":\"et\",\"@id\":\"https:\\\/\\\/www.relibet.ee\\\/woromotouus\\\/jarelmaks\\\/#primaryimage\",\"url\":\"https:\\\/\\\/www.relibet.ee\\\/woromotouus\\\/wp-content\\\/uploads\\\/2018\\\/04\\\/liisi_logo.png\",\"contentUrl\":\"https:\\\/\\\/www.relibet.ee\\\/woromotouus\\\/wp-content\\\/uploads\\\/2018\\\/04\\\/liisi_logo.png\",\"width\":324,\"height\":164},{\"@type\":\"BreadcrumbList\",\"@id\":\"https:\\\/\\\/www.relibet.ee\\\/woromotouus\\\/jarelmaks\\\/#breadcrumb\",\"itemListElement\":[{\"@type\":\"ListItem\",\"position\":1,\"name\":\"Home\",\"item\":\"https:\\\/\\\/www.relibet.ee\\\/woromotouus\\\/\"},{\"@type\":\"ListItem\",\"position\":2,\"name\":\"J\u00e4relmaks\"}]},{\"@type\":\"WebSite\",\"@id\":\"https:\\\/\\\/www.relibet.ee\\\/woromotouus\\\/#website\",\"url\":\"https:\\\/\\\/www.relibet.ee\\\/woromotouus\\\/\",\"name\":\"W\u00f5ro Moto\",\"description\":\"Mototehnika e-pood\",\"publisher\":{\"@id\":\"https:\\\/\\\/www.relibet.ee\\\/woromotouus\\\/#organization\"},\"potentialAction\":[{\"@type\":\"SearchAction\",\"target\":{\"@type\":\"EntryPoint\",\"urlTemplate\":\"https:\\\/\\\/www.relibet.ee\\\/woromotouus\\\/?s={search_term_string}\"},\"query-input\":{\"@type\":\"PropertyValueSpecification\",\"valueRequired\":true,\"valueName\":\"search_term_string\"}}],\"inLanguage\":\"et\"},{\"@type\":\"Organization\",\"@id\":\"https:\\\/\\\/www.relibet.ee\\\/woromotouus\\\/#organization\",\"name\":\"Relibet O\u00dc\",\"url\":\"https:\\\/\\\/www.relibet.ee\\\/woromotouus\\\/\",\"logo\":{\"@type\":\"ImageObject\",\"inLanguage\":\"et\",\"@id\":\"https:\\\/\\\/www.relibet.ee\\\/woromotouus\\\/#\\\/schema\\\/logo\\\/image\\\/\",\"url\":\"https:\\\/\\\/www.relibet.ee\\\/woromotouus\\\/wp-content\\\/uploads\\\/2018\\\/04\\\/W\u00f5romoto_logo.png\",\"contentUrl\":\"https:\\\/\\\/www.relibet.ee\\\/woromotouus\\\/wp-content\\\/uploads\\\/2018\\\/04\\\/W\u00f5romoto_logo.png\",\"width\":200,\"height\":50,\"caption\":\"Relibet O\u00dc\"},\"image\":{\"@id\":\"https:\\\/\\\/www.relibet.ee\\\/woromotouus\\\/#\\\/schema\\\/logo\\\/image\\\/\"}}]}<\/script>\n<!-- \/ Yoast SEO plugin. -->","yoast_head_json":{"title":"J\u00e4relmaks - W\u00f5ro Moto","description":"W\u00f5ro Moto pakub v\u00f5imalust osta roller, mopeed v\u00f5i varuosasid ka j\u00e4relamaksu peale - tutvu tingimuste ja v\u00f5imalustega t\u00e4psemalt.","robots":{"index":"index","follow":"follow","max-snippet":"max-snippet:-1","max-image-preview":"max-image-preview:large","max-video-preview":"max-video-preview:-1"},"canonical":"https:\/\/www.relibet.ee\/woromotouus\/jarelmaks\/","og_locale":"et_EE","og_type":"article","og_title":"J\u00e4relmaks - W\u00f5ro Moto","og_description":"W\u00f5ro Moto pakub v\u00f5imalust osta roller, mopeed v\u00f5i varuosasid ka j\u00e4relamaksu peale - tutvu tingimuste ja v\u00f5imalustega t\u00e4psemalt.","og_url":"https:\/\/www.relibet.ee\/woromotouus\/jarelmaks\/","og_site_name":"W\u00f5ro Moto","article_modified_time":"2018-08-07T00:23:34+00:00","og_image":[{"url":"https:\/\/www.relibet.ee\/woromotouus\/wp-content\/uploads\/2018\/04\/liisi_logo.png","type":"","width":"","height":""}],"twitter_card":"summary_large_image","twitter_misc":{"Est. reading time":"1 minut"},"schema":{"@context":"https:\/\/schema.org","@graph":[{"@type":"WebPage","@id":"https:\/\/www.relibet.ee\/woromotouus\/jarelmaks\/","url":"https:\/\/www.relibet.ee\/woromotouus\/jarelmaks\/","name":"J\u00e4relmaks - W\u00f5ro Moto","isPartOf":{"@id":"https:\/\/www.relibet.ee\/woromotouus\/#website"},"primaryImageOfPage":{"@id":"https:\/\/www.relibet.ee\/woromotouus\/jarelmaks\/#primaryimage"},"image":{"@id":"https:\/\/www.relibet.ee\/woromotouus\/jarelmaks\/#primaryimage"},"thumbnailUrl":"https:\/\/www.relibet.ee\/woromotouus\/wp-content\/uploads\/2018\/04\/liisi_logo.png","datePublished":"2018-04-11T09:28:35+00:00","dateModified":"2018-08-07T00:23:34+00:00","description":"W\u00f5ro Moto pakub v\u00f5imalust osta roller, mopeed v\u00f5i varuosasid ka j\u00e4relamaksu peale - tutvu tingimuste ja v\u00f5imalustega t\u00e4psemalt.","breadcrumb":{"@id":"https:\/\/www.relibet.ee\/woromotouus\/jarelmaks\/#breadcrumb"},"inLanguage":"et","potentialAction":[{"@type":"ReadAction","target":["https:\/\/www.relibet.ee\/woromotouus\/jarelmaks\/"]}]},{"@type":"ImageObject","inLanguage":"et","@id":"https:\/\/www.relibet.ee\/woromotouus\/jarelmaks\/#primaryimage","url":"https:\/\/www.relibet.ee\/woromotouus\/wp-content\/uploads\/2018\/04\/liisi_logo.png","contentUrl":"https:\/\/www.relibet.ee\/woromotouus\/wp-content\/uploads\/2018\/04\/liisi_logo.png","width":324,"height":164},{"@type":"BreadcrumbList","@id":"https:\/\/www.relibet.ee\/woromotouus\/jarelmaks\/#breadcrumb","itemListElement":[{"@type":"ListItem","position":1,"name":"Home","item":"https:\/\/www.relibet.ee\/woromotouus\/"},{"@type":"ListItem","position":2,"name":"J\u00e4relmaks"}]},{"@type":"WebSite","@id":"https:\/\/www.relibet.ee\/woromotouus\/#website","url":"https:\/\/www.relibet.ee\/woromotouus\/","name":"W\u00f5ro Moto","description":"Mototehnika e-pood","publisher":{"@id":"https:\/\/www.relibet.ee\/woromotouus\/#organization"},"potentialAction":[{"@type":"SearchAction","target":{"@type":"EntryPoint","urlTemplate":"https:\/\/www.relibet.ee\/woromotouus\/?s={search_term_string}"},"query-input":{"@type":"PropertyValueSpecification","valueRequired":true,"valueName":"search_term_string"}}],"inLanguage":"et"},{"@type":"Organization","@id":"https:\/\/www.relibet.ee\/woromotouus\/#organization","name":"Relibet O\u00dc","url":"https:\/\/www.relibet.ee\/woromotouus\/","logo":{"@type":"ImageObject","inLanguage":"et","@id":"https:\/\/www.relibet.ee\/woromotouus\/#\/schema\/logo\/image\/","url":"https:\/\/www.relibet.ee\/woromotouus\/wp-content\/uploads\/2018\/04\/W\u00f5romoto_logo.png","contentUrl":"https:\/\/www.relibet.ee\/woromotouus\/wp-content\/uploads\/2018\/04\/W\u00f5romoto_logo.png","width":200,"height":50,"caption":"Relibet O\u00dc"},"image":{"@id":"https:\/\/www.relibet.ee\/woromotouus\/#\/schema\/logo\/image\/"}}]}},"_links":{"self":[{"href":"https:\/\/www.relibet.ee\/woromotouus\/wp-json\/wp\/v2\/pages\/4353","targetHints":{"allow":["GET"]}}],"collection":[{"href":"https:\/\/www.relibet.ee\/woromotouus\/wp-json\/wp\/v2\/pages"}],"about":[{"href":"https:\/\/www.relibet.ee\/woromotouus\/wp-json\/wp\/v2\/types\/page"}],"author":[{"embeddable":true,"href":"https:\/\/www.relibet.ee\/woromotouus\/wp-json\/wp\/v2\/users\/1"}],"replies":[{"embeddable":true,"href":"https:\/\/www.relibet.ee\/woromotouus\/wp-json\/wp\/v2\/comments?post=4353"}],"version-history":[{"count":5,"href":"https:\/\/www.relibet.ee\/woromotouus\/wp-json\/wp\/v2\/pages\/4353\/revisions"}],"predecessor-version":[{"id":4950,"href":"https:\/\/www.relibet.ee\/woromotouus\/wp-json\/wp\/v2\/pages\/4353\/revisions\/4950"}],"wp:attachment":[{"href":"https:\/\/www.relibet.ee\/woromotouus\/wp-json\/wp\/v2\/media?parent=4353"}],"curies":[{"name":"wp","href":"https:\/\/api.w.org\/{rel}","templated":true}]}}