{"id":16593,"date":"2023-04-16T07:43:35","date_gmt":"2023-04-16T07:43:35","guid":{"rendered":"https:\/\/www.relibet.ee\/woromotouus\/?post_type=product&#038;p=16593"},"modified":"2025-09-24T07:54:43","modified_gmt":"2025-09-24T04:54:43","slug":"krossikas-125cc-xr-616-must-sinine","status":"publish","type":"product","link":"https:\/\/www.relibet.ee\/woromotouus\/toode\/krossikas-125cc-xr-616-must-sinine\/","title":{"rendered":"KROSSIKAS 125CC XR 616 MUST-ROHELINE"},"content":{"rendered":"","protected":false},"excerpt":{"rendered":"<p>Krossikas 125cc on tugeva raamiga, kvaliteetsete ning toimivate amortidega, tugevamad terasest veljed.<br \/>\nLihtsasti kasutatav ka\u0308igukast, (N-1-2-3-4) .<br \/>\nMasin on varustatud nii elektrilise starteri kui kick-starteriga.<br \/>\nKui otsite vastupidavat, to\u0308o\u0308kindlat ning hea kvaliteediga masinat, siis on krossikas 125cc hea valik.<\/p>\n<p>Mootori tu\u0308u\u0308p: 125cc manuaal (N-1-2-3-4), u\u0308he silindriga<br \/>\nJahutus: O\u0303hkjahutus<br \/>\nU\u0308lekanne: Kett<br \/>\nKa\u0308ivitus: Kick start, elektriline starter<br \/>\nMaksimum kiirus: 65km\/h<br \/>\nPaagi mahutavus: 4.7L \/ Plastik<br \/>\nEsimene ratas: 70\/100 \u2013 17\u00b4\u00b4<br \/>\nTagumine ratas: 90\/100 \u2013 14\u00b4\u00b4<br \/>\nKROSSIKA PIKKUS 1,7M,ISTME K\u00d5RGUS 80CM<\/p>\n<p>Kohe olemas !<\/p>\n<p>J\u00e4relmaksu ja transpordi v\u00f5imalus.<\/p>\n<p>LASTELE ALATES 12A KASVULE ALATES 1,5M<\/p>\n<p>KROSSIKA PIKKUS 1,8M.ISTME K\u00d5RGUS MAAST 88CM<\/p>\n<p>OSTES TEHASE PAKENDIS TASUTA TRANSPORT,PEATE ISE KROSSKA KOKKU PANEMA<\/p>\n<p>&nbsp;<\/p>\n","protected":false},"featured_media":21844,"template":"","meta":{"site-sidebar-layout":"default","site-content-layout":"default","ast-site-content-layout":"default","site-content-style":"default","site-sidebar-style":"default","ast-global-header-display":"","ast-banner-title-visibility":"","ast-main-header-display":"","ast-hfb-above-header-display":"","ast-hfb-below-header-display":"","ast-hfb-mobile-header-display":"","site-post-title":"","ast-breadcrumbs-content":"","ast-featured-img":"","footer-sml-layout":"","ast-disable-related-posts":"","theme-transparent-header-meta":"default","adv-header-id-meta":"","stick-header-meta":"","header-above-stick-meta":"","header-main-stick-meta":"","header-below-stick-meta":"","astra-migrate-meta-layouts":"set","ast-page-background-enabled":"default","ast-page-background-meta":{"desktop":{"background-color":"","background-image":"","background-repeat":"repeat","background-position":"center center","background-size":"auto","background-attachment":"scroll","background-type":"","background-media":"","overlay-type":"","overlay-color":"","overlay-opacity":"","overlay-gradient":""},"tablet":{"background-color":"","background-image":"","background-repeat":"repeat","background-position":"center center","background-size":"auto","background-attachment":"scroll","background-type":"","background-media":"","overlay-type":"","overlay-color":"","overlay-opacity":"","overlay-gradient":""},"mobile":{"background-color":"","background-image":"","background-repeat":"repeat","background-position":"center center","background-size":"auto","background-attachment":"scroll","background-type":"","background-media":"","overlay-type":"","overlay-color":"","overlay-opacity":"","overlay-gradient":""}},"ast-content-background-meta":{"desktop":{"background-color":"var(--ast-global-color-5)","background-image":"","background-repeat":"repeat","background-position":"center center","background-size":"auto","background-attachment":"scroll","background-type":"","background-media":"","overlay-type":"","overlay-color":"","overlay-opacity":"","overlay-gradient":""},"tablet":{"background-color":"var(--ast-global-color-5)","background-image":"","background-repeat":"repeat","background-position":"center center","background-size":"auto","background-attachment":"scroll","background-type":"","background-media":"","overlay-type":"","overlay-color":"","overlay-opacity":"","overlay-gradient":""},"mobile":{"background-color":"var(--ast-global-color-5)","background-image":"","background-repeat":"repeat","background-position":"center center","background-size":"auto","background-attachment":"scroll","background-type":"","background-media":"","overlay-type":"","overlay-color":"","overlay-opacity":"","overlay-gradient":""}}},"product_brand":[],"product_cat":[19],"product_tag":[],"class_list":{"0":"post-16593","1":"product","2":"type-product","3":"status-publish","4":"has-post-thumbnail","6":"product_cat-krossikad","7":"desktop-align-center","8":"tablet-align-left","9":"mobile-align-center","11":"first","12":"instock","13":"sale","14":"taxable","15":"shipping-taxable","16":"purchasable","17":"product-type-simple"},"yoast_head":"<!-- This site is optimized with the Yoast SEO plugin v27.5 - https:\/\/yoast.com\/product\/yoast-seo-wordpress\/ -->\n<title>KROSSIKAS 125CC XR 616 MUST-ROHELINE - W\u00f5ro Moto<\/title>\n<meta name=\"robots\" content=\"index, follow, max-snippet:-1, max-image-preview:large, max-video-preview:-1\" \/>\n<link rel=\"canonical\" href=\"https:\/\/www.relibet.ee\/woromotouus\/toode\/krossikas-125cc-xr-616-must-sinine\/\" \/>\n<meta property=\"og:locale\" content=\"et_EE\" \/>\n<meta property=\"og:type\" content=\"article\" \/>\n<meta property=\"og:title\" content=\"KROSSIKAS 125CC XR 616 MUST-ROHELINE - W\u00f5ro Moto\" \/>\n<meta property=\"og:description\" content=\"Krossikas 125cc on tugeva raamiga, kvaliteetsete ning toimivate amortidega, tugevamad terasest veljed. Lihtsasti kasutatav ka\u0308igukast, (N-1-2-3-4) . Masin on varustatud nii elektrilise starteri kui kick-starteriga. Kui otsite vastupidavat, to\u0308o\u0308kindlat ning hea kvaliteediga masinat, siis on krossikas 125cc hea valik.  Mootori tu\u0308u\u0308p: 125cc manuaal (N-1-2-3-4), u\u0308he silindriga Jahutus: O\u0303hkjahutus U\u0308lekanne: Kett Ka\u0308ivitus: Kick start, elektriline starter Maksimum kiirus: 65km\/h Paagi mahutavus: 4.7L \/ Plastik Esimene ratas: 70\/100 \u2013 17\u00b4\u00b4 Tagumine ratas: 90\/100 \u2013 14\u00b4\u00b4 KROSSIKA PIKKUS 1,7M,ISTME K\u00d5RGUS 80CM  Kohe olemas !  J\u00e4relmaksu ja transpordi v\u00f5imalus.  LASTELE ALATES 12A KASVULE ALATES 1,5M  KROSSIKA PIKKUS 1,8M.ISTME K\u00d5RGUS MAAST 88CM  OSTES TEHASE PAKENDIS TASUTA TRANSPORT,PEATE ISE KROSSKA KOKKU PANEMA  &nbsp;\" \/>\n<meta property=\"og:url\" content=\"https:\/\/www.relibet.ee\/woromotouus\/toode\/krossikas-125cc-xr-616-must-sinine\/\" \/>\n<meta property=\"og:site_name\" content=\"W\u00f5ro Moto\" \/>\n<meta property=\"article:modified_time\" content=\"2025-09-24T04:54:43+00:00\" \/>\n<meta property=\"og:image\" content=\"https:\/\/www.relibet.ee\/woromotouus\/wp-content\/uploads\/2023\/04\/616-scaled.jpeg\" \/>\n\t<meta property=\"og:image:width\" content=\"2560\" \/>\n\t<meta property=\"og:image:height\" content=\"2560\" \/>\n\t<meta property=\"og:image:type\" content=\"image\/jpeg\" \/>\n<meta name=\"twitter:card\" content=\"summary_large_image\" \/>\n<meta name=\"twitter:label1\" content=\"Est. reading time\" \/>\n\t<meta name=\"twitter:data1\" content=\"1 minut\" \/>\n<script type=\"application\/ld+json\" class=\"yoast-schema-graph\">{\"@context\":\"https:\\\/\\\/schema.org\",\"@graph\":[{\"@type\":\"WebPage\",\"@id\":\"https:\\\/\\\/www.relibet.ee\\\/woromotouus\\\/toode\\\/krossikas-125cc-xr-616-must-sinine\\\/\",\"url\":\"https:\\\/\\\/www.relibet.ee\\\/woromotouus\\\/toode\\\/krossikas-125cc-xr-616-must-sinine\\\/\",\"name\":\"KROSSIKAS 125CC XR 616 MUST-ROHELINE - W\u00f5ro Moto\",\"isPartOf\":{\"@id\":\"https:\\\/\\\/www.relibet.ee\\\/woromotouus\\\/#website\"},\"primaryImageOfPage\":{\"@id\":\"https:\\\/\\\/www.relibet.ee\\\/woromotouus\\\/toode\\\/krossikas-125cc-xr-616-must-sinine\\\/#primaryimage\"},\"image\":{\"@id\":\"https:\\\/\\\/www.relibet.ee\\\/woromotouus\\\/toode\\\/krossikas-125cc-xr-616-must-sinine\\\/#primaryimage\"},\"thumbnailUrl\":\"https:\\\/\\\/www.relibet.ee\\\/woromotouus\\\/wp-content\\\/uploads\\\/2023\\\/04\\\/616-scaled.jpeg\",\"datePublished\":\"2023-04-16T07:43:35+00:00\",\"dateModified\":\"2025-09-24T04:54:43+00:00\",\"breadcrumb\":{\"@id\":\"https:\\\/\\\/www.relibet.ee\\\/woromotouus\\\/toode\\\/krossikas-125cc-xr-616-must-sinine\\\/#breadcrumb\"},\"inLanguage\":\"et\",\"potentialAction\":[{\"@type\":\"ReadAction\",\"target\":[\"https:\\\/\\\/www.relibet.ee\\\/woromotouus\\\/toode\\\/krossikas-125cc-xr-616-must-sinine\\\/\"]}]},{\"@type\":\"ImageObject\",\"inLanguage\":\"et\",\"@id\":\"https:\\\/\\\/www.relibet.ee\\\/woromotouus\\\/toode\\\/krossikas-125cc-xr-616-must-sinine\\\/#primaryimage\",\"url\":\"https:\\\/\\\/www.relibet.ee\\\/woromotouus\\\/wp-content\\\/uploads\\\/2023\\\/04\\\/616-scaled.jpeg\",\"contentUrl\":\"https:\\\/\\\/www.relibet.ee\\\/woromotouus\\\/wp-content\\\/uploads\\\/2023\\\/04\\\/616-scaled.jpeg\",\"width\":2560,\"height\":2560},{\"@type\":\"BreadcrumbList\",\"@id\":\"https:\\\/\\\/www.relibet.ee\\\/woromotouus\\\/toode\\\/krossikas-125cc-xr-616-must-sinine\\\/#breadcrumb\",\"itemListElement\":[{\"@type\":\"ListItem\",\"position\":1,\"name\":\"Home\",\"item\":\"https:\\\/\\\/www.relibet.ee\\\/woromotouus\\\/\"},{\"@type\":\"ListItem\",\"position\":2,\"name\":\"Pood\",\"item\":\"https:\\\/\\\/www.relibet.ee\\\/woromotouus\\\/\"},{\"@type\":\"ListItem\",\"position\":3,\"name\":\"KROSSIKAS 125CC XR 616 MUST-ROHELINE\"}]},{\"@type\":\"WebSite\",\"@id\":\"https:\\\/\\\/www.relibet.ee\\\/woromotouus\\\/#website\",\"url\":\"https:\\\/\\\/www.relibet.ee\\\/woromotouus\\\/\",\"name\":\"W\u00f5ro Moto\",\"description\":\"Mototehnika e-pood\",\"publisher\":{\"@id\":\"https:\\\/\\\/www.relibet.ee\\\/woromotouus\\\/#organization\"},\"potentialAction\":[{\"@type\":\"SearchAction\",\"target\":{\"@type\":\"EntryPoint\",\"urlTemplate\":\"https:\\\/\\\/www.relibet.ee\\\/woromotouus\\\/?s={search_term_string}\"},\"query-input\":{\"@type\":\"PropertyValueSpecification\",\"valueRequired\":true,\"valueName\":\"search_term_string\"}}],\"inLanguage\":\"et\"},{\"@type\":\"Organization\",\"@id\":\"https:\\\/\\\/www.relibet.ee\\\/woromotouus\\\/#organization\",\"name\":\"Relibet O\u00dc\",\"url\":\"https:\\\/\\\/www.relibet.ee\\\/woromotouus\\\/\",\"logo\":{\"@type\":\"ImageObject\",\"inLanguage\":\"et\",\"@id\":\"https:\\\/\\\/www.relibet.ee\\\/woromotouus\\\/#\\\/schema\\\/logo\\\/image\\\/\",\"url\":\"https:\\\/\\\/www.relibet.ee\\\/woromotouus\\\/wp-content\\\/uploads\\\/2018\\\/04\\\/W\u00f5romoto_logo.png\",\"contentUrl\":\"https:\\\/\\\/www.relibet.ee\\\/woromotouus\\\/wp-content\\\/uploads\\\/2018\\\/04\\\/W\u00f5romoto_logo.png\",\"width\":200,\"height\":50,\"caption\":\"Relibet O\u00dc\"},\"image\":{\"@id\":\"https:\\\/\\\/www.relibet.ee\\\/woromotouus\\\/#\\\/schema\\\/logo\\\/image\\\/\"}}]}<\/script>\n<!-- \/ Yoast SEO plugin. -->","yoast_head_json":{"title":"KROSSIKAS 125CC XR 616 MUST-ROHELINE - W\u00f5ro Moto","robots":{"index":"index","follow":"follow","max-snippet":"max-snippet:-1","max-image-preview":"max-image-preview:large","max-video-preview":"max-video-preview:-1"},"canonical":"https:\/\/www.relibet.ee\/woromotouus\/toode\/krossikas-125cc-xr-616-must-sinine\/","og_locale":"et_EE","og_type":"article","og_title":"KROSSIKAS 125CC XR 616 MUST-ROHELINE - W\u00f5ro Moto","og_description":"Krossikas 125cc on tugeva raamiga, kvaliteetsete ning toimivate amortidega, tugevamad terasest veljed. Lihtsasti kasutatav ka\u0308igukast, (N-1-2-3-4) . Masin on varustatud nii elektrilise starteri kui kick-starteriga. Kui otsite vastupidavat, to\u0308o\u0308kindlat ning hea kvaliteediga masinat, siis on krossikas 125cc hea valik.  Mootori tu\u0308u\u0308p: 125cc manuaal (N-1-2-3-4), u\u0308he silindriga Jahutus: O\u0303hkjahutus U\u0308lekanne: Kett Ka\u0308ivitus: Kick start, elektriline starter Maksimum kiirus: 65km\/h Paagi mahutavus: 4.7L \/ Plastik Esimene ratas: 70\/100 \u2013 17\u00b4\u00b4 Tagumine ratas: 90\/100 \u2013 14\u00b4\u00b4 KROSSIKA PIKKUS 1,7M,ISTME K\u00d5RGUS 80CM  Kohe olemas !  J\u00e4relmaksu ja transpordi v\u00f5imalus.  LASTELE ALATES 12A KASVULE ALATES 1,5M  KROSSIKA PIKKUS 1,8M.ISTME K\u00d5RGUS MAAST 88CM  OSTES TEHASE PAKENDIS TASUTA TRANSPORT,PEATE ISE KROSSKA KOKKU PANEMA  &nbsp;","og_url":"https:\/\/www.relibet.ee\/woromotouus\/toode\/krossikas-125cc-xr-616-must-sinine\/","og_site_name":"W\u00f5ro Moto","article_modified_time":"2025-09-24T04:54:43+00:00","og_image":[{"width":2560,"height":2560,"url":"https:\/\/www.relibet.ee\/woromotouus\/wp-content\/uploads\/2023\/04\/616-scaled.jpeg","type":"image\/jpeg"}],"twitter_card":"summary_large_image","twitter_misc":{"Est. reading time":"1 minut"},"schema":{"@context":"https:\/\/schema.org","@graph":[{"@type":"WebPage","@id":"https:\/\/www.relibet.ee\/woromotouus\/toode\/krossikas-125cc-xr-616-must-sinine\/","url":"https:\/\/www.relibet.ee\/woromotouus\/toode\/krossikas-125cc-xr-616-must-sinine\/","name":"KROSSIKAS 125CC XR 616 MUST-ROHELINE - W\u00f5ro Moto","isPartOf":{"@id":"https:\/\/www.relibet.ee\/woromotouus\/#website"},"primaryImageOfPage":{"@id":"https:\/\/www.relibet.ee\/woromotouus\/toode\/krossikas-125cc-xr-616-must-sinine\/#primaryimage"},"image":{"@id":"https:\/\/www.relibet.ee\/woromotouus\/toode\/krossikas-125cc-xr-616-must-sinine\/#primaryimage"},"thumbnailUrl":"https:\/\/www.relibet.ee\/woromotouus\/wp-content\/uploads\/2023\/04\/616-scaled.jpeg","datePublished":"2023-04-16T07:43:35+00:00","dateModified":"2025-09-24T04:54:43+00:00","breadcrumb":{"@id":"https:\/\/www.relibet.ee\/woromotouus\/toode\/krossikas-125cc-xr-616-must-sinine\/#breadcrumb"},"inLanguage":"et","potentialAction":[{"@type":"ReadAction","target":["https:\/\/www.relibet.ee\/woromotouus\/toode\/krossikas-125cc-xr-616-must-sinine\/"]}]},{"@type":"ImageObject","inLanguage":"et","@id":"https:\/\/www.relibet.ee\/woromotouus\/toode\/krossikas-125cc-xr-616-must-sinine\/#primaryimage","url":"https:\/\/www.relibet.ee\/woromotouus\/wp-content\/uploads\/2023\/04\/616-scaled.jpeg","contentUrl":"https:\/\/www.relibet.ee\/woromotouus\/wp-content\/uploads\/2023\/04\/616-scaled.jpeg","width":2560,"height":2560},{"@type":"BreadcrumbList","@id":"https:\/\/www.relibet.ee\/woromotouus\/toode\/krossikas-125cc-xr-616-must-sinine\/#breadcrumb","itemListElement":[{"@type":"ListItem","position":1,"name":"Home","item":"https:\/\/www.relibet.ee\/woromotouus\/"},{"@type":"ListItem","position":2,"name":"Pood","item":"https:\/\/www.relibet.ee\/woromotouus\/"},{"@type":"ListItem","position":3,"name":"KROSSIKAS 125CC XR 616 MUST-ROHELINE"}]},{"@type":"WebSite","@id":"https:\/\/www.relibet.ee\/woromotouus\/#website","url":"https:\/\/www.relibet.ee\/woromotouus\/","name":"W\u00f5ro Moto","description":"Mototehnika e-pood","publisher":{"@id":"https:\/\/www.relibet.ee\/woromotouus\/#organization"},"potentialAction":[{"@type":"SearchAction","target":{"@type":"EntryPoint","urlTemplate":"https:\/\/www.relibet.ee\/woromotouus\/?s={search_term_string}"},"query-input":{"@type":"PropertyValueSpecification","valueRequired":true,"valueName":"search_term_string"}}],"inLanguage":"et"},{"@type":"Organization","@id":"https:\/\/www.relibet.ee\/woromotouus\/#organization","name":"Relibet O\u00dc","url":"https:\/\/www.relibet.ee\/woromotouus\/","logo":{"@type":"ImageObject","inLanguage":"et","@id":"https:\/\/www.relibet.ee\/woromotouus\/#\/schema\/logo\/image\/","url":"https:\/\/www.relibet.ee\/woromotouus\/wp-content\/uploads\/2018\/04\/W\u00f5romoto_logo.png","contentUrl":"https:\/\/www.relibet.ee\/woromotouus\/wp-content\/uploads\/2018\/04\/W\u00f5romoto_logo.png","width":200,"height":50,"caption":"Relibet O\u00dc"},"image":{"@id":"https:\/\/www.relibet.ee\/woromotouus\/#\/schema\/logo\/image\/"}}]}},"_links":{"self":[{"href":"https:\/\/www.relibet.ee\/woromotouus\/wp-json\/wp\/v2\/product\/16593","targetHints":{"allow":["GET"]}}],"collection":[{"href":"https:\/\/www.relibet.ee\/woromotouus\/wp-json\/wp\/v2\/product"}],"about":[{"href":"https:\/\/www.relibet.ee\/woromotouus\/wp-json\/wp\/v2\/types\/product"}],"version-history":[{"count":0,"href":"https:\/\/www.relibet.ee\/woromotouus\/wp-json\/wp\/v2\/product\/16593\/revisions"}],"wp:featuredmedia":[{"embeddable":true,"href":"https:\/\/www.relibet.ee\/woromotouus\/wp-json\/wp\/v2\/media\/21844"}],"wp:attachment":[{"href":"https:\/\/www.relibet.ee\/woromotouus\/wp-json\/wp\/v2\/media?parent=16593"}],"wp:term":[{"taxonomy":"product_brand","embeddable":true,"href":"https:\/\/www.relibet.ee\/woromotouus\/wp-json\/wp\/v2\/product_brand?post=16593"},{"taxonomy":"product_cat","embeddable":true,"href":"https:\/\/www.relibet.ee\/woromotouus\/wp-json\/wp\/v2\/product_cat?post=16593"},{"taxonomy":"product_tag","embeddable":true,"href":"https:\/\/www.relibet.ee\/woromotouus\/wp-json\/wp\/v2\/product_tag?post=16593"}],"curies":[{"name":"wp","href":"https:\/\/api.w.org\/{rel}","templated":true}]}}