{"id":20956,"date":"2024-08-02T13:59:58","date_gmt":"2024-08-02T10:59:58","guid":{"rendered":"https:\/\/www.relibet.ee\/woromotouus\/?post_type=product&#038;p=20956"},"modified":"2026-01-27T08:35:04","modified_gmt":"2026-01-27T06:35:04","slug":"atv-rzf-125cc-commander-oranz-original","status":"publish","type":"product","link":"https:\/\/www.relibet.ee\/woromotouus\/toode\/atv-rzf-125cc-commander-oranz-original\/","title":{"rendered":"ATV RZF 125CC COMMANDER ORANZ ORIGINAL"},"content":{"rendered":"<table class=\"toode_omadus\">\n<tbody>\n<tr>\n<td>Mootor<\/td>\n<td>125cc 4 takti,\u00f5hkjahutus,automaat<\/td>\n<\/tr>\n<tr>\n<td>K\u00e4igud<\/td>\n<td>1 edasi neutraal 1 tagasi<\/td>\n<\/tr>\n<tr>\n<td>Starter<\/td>\n<td>Elektristarter<\/td>\n<\/tr>\n<tr>\n<td>Vedrustus<\/td>\n<td>Reguleeritavad t\u00f6\u00f6tavad \u00f5liamordid<\/td>\n<\/tr>\n<tr>\n<td>Valgustus<\/td>\n<td>Esi ja tagatuli<\/td>\n<\/tr>\n<tr>\n<td>Spidomeeter<\/td>\n<td>LCD Spidomeeter<\/td>\n<\/tr>\n<tr>\n<td>Max kandev\u00f5ime<\/td>\n<td>100kg<\/td>\n<\/tr>\n<tr>\n<td>Istme k\u00f5rgus<\/td>\n<td>76cm<\/td>\n<\/tr>\n<tr>\n<td>M\u00f5\u00f5dud<\/td>\n<td>Pikkus 147cm Laius 97cm k\u00f5rgus 100cm<\/td>\n<\/tr>\n<tr>\n<td>Rehvid ees<\/td>\n<td>19*7-8&#8243;<\/td>\n<\/tr>\n<tr>\n<td>Rehvid taga<\/td>\n<td>18*9,5 &#8211; 8&#8243;<\/td>\n<\/tr>\n<tr>\n<td>Max Kiirus<\/td>\n<td>60km\/h piiratav<\/td>\n<\/tr>\n<\/tbody>\n<\/table>\n<p>Uus mudel tugevdatud raamiga ja k\u00f5ik liigendid on m\u00e4\u00e4ritavad.\u00a0 Mootor on kinnitatud 4 kohast ja paigutatud kummipadjale.<\/p>\n<p>Antud s\u00f5idukil on tsentrik ketipingutuss\u00fcsteem ning reguleeritavad t\u00f6\u00f6tavad \u00f5liamordid.<\/p>\n<p>Antud atv on suuruse poolest sobilik 5 kuni 13aastastele lastele.<\/p>\n<p>TEHASE PAKENDIS OSTES TASUTA TRANSPORT,PEATE ISE ATV KOKKU PANEMA<\/p>\n<p>SAADAVAL KA ROHELIST JA SINIST ATV-D<\/p>\n","protected":false},"excerpt":{"rendered":"<p>Mootor 125cc 4 takti,\u00f5hkjahutus,automaat K\u00e4igud 1 edasi neutraal 1 tagasi Starter Elektristarter Vedrustus Reguleeritavad t\u00f6\u00f6tavad \u00f5liamordid Valgustus Esi ja tagatuli Spidomeeter LCD Spidomeeter Max kandev\u00f5ime 100kg Istme k\u00f5rgus 76cm M\u00f5\u00f5dud Pikkus 147cm Laius 97cm k\u00f5rgus 100cm Rehvid ees 19*7-8&#8243; Rehvid taga 18*9,5 &#8211; 8&#8243; Max Kiirus 60km\/h piiratav Uus mudel tugevdatud raamiga ja k\u00f5ik liigendid [&hellip;]<\/p>\n","protected":false},"featured_media":20958,"template":"","meta":{"site-sidebar-layout":"default","site-content-layout":"","ast-site-content-layout":"default","site-content-style":"default","site-sidebar-style":"default","ast-global-header-display":"","ast-banner-title-visibility":"","ast-main-header-display":"","ast-hfb-above-header-display":"","ast-hfb-below-header-display":"","ast-hfb-mobile-header-display":"","site-post-title":"","ast-breadcrumbs-content":"","ast-featured-img":"","footer-sml-layout":"","ast-disable-related-posts":"","theme-transparent-header-meta":"default","adv-header-id-meta":"","stick-header-meta":"","header-above-stick-meta":"","header-main-stick-meta":"","header-below-stick-meta":"","astra-migrate-meta-layouts":"set","ast-page-background-enabled":"default","ast-page-background-meta":{"desktop":{"background-color":"","background-image":"","background-repeat":"repeat","background-position":"center center","background-size":"auto","background-attachment":"scroll","background-type":"","background-media":"","overlay-type":"","overlay-color":"","overlay-opacity":"","overlay-gradient":""},"tablet":{"background-color":"","background-image":"","background-repeat":"repeat","background-position":"center center","background-size":"auto","background-attachment":"scroll","background-type":"","background-media":"","overlay-type":"","overlay-color":"","overlay-opacity":"","overlay-gradient":""},"mobile":{"background-color":"","background-image":"","background-repeat":"repeat","background-position":"center center","background-size":"auto","background-attachment":"scroll","background-type":"","background-media":"","overlay-type":"","overlay-color":"","overlay-opacity":"","overlay-gradient":""}},"ast-content-background-meta":{"desktop":{"background-color":"var(--ast-global-color-5)","background-image":"","background-repeat":"repeat","background-position":"center center","background-size":"auto","background-attachment":"scroll","background-type":"","background-media":"","overlay-type":"","overlay-color":"","overlay-opacity":"","overlay-gradient":""},"tablet":{"background-color":"var(--ast-global-color-5)","background-image":"","background-repeat":"repeat","background-position":"center center","background-size":"auto","background-attachment":"scroll","background-type":"","background-media":"","overlay-type":"","overlay-color":"","overlay-opacity":"","overlay-gradient":""},"mobile":{"background-color":"var(--ast-global-color-5)","background-image":"","background-repeat":"repeat","background-position":"center center","background-size":"auto","background-attachment":"scroll","background-type":"","background-media":"","overlay-type":"","overlay-color":"","overlay-opacity":"","overlay-gradient":""}}},"product_brand":[],"product_cat":[16],"product_tag":[],"class_list":{"0":"post-20956","1":"product","2":"type-product","3":"status-publish","4":"has-post-thumbnail","6":"product_cat-atv-d","7":"desktop-align-center","8":"tablet-align-left","9":"mobile-align-center","11":"first","12":"instock","13":"taxable","14":"shipping-taxable","15":"purchasable","16":"product-type-simple"},"yoast_head":"<!-- This site is optimized with the Yoast SEO plugin v27.5 - https:\/\/yoast.com\/product\/yoast-seo-wordpress\/ -->\n<title>ATV RZF 125CC COMMANDER ORANZ ORIGINAL - W\u00f5ro Moto<\/title>\n<meta name=\"robots\" content=\"index, follow, max-snippet:-1, max-image-preview:large, max-video-preview:-1\" \/>\n<link rel=\"canonical\" href=\"https:\/\/www.relibet.ee\/woromotouus\/toode\/atv-rzf-125cc-commander-oranz-original\/\" \/>\n<meta property=\"og:locale\" content=\"et_EE\" \/>\n<meta property=\"og:type\" content=\"article\" \/>\n<meta property=\"og:title\" content=\"ATV RZF 125CC COMMANDER ORANZ ORIGINAL - W\u00f5ro Moto\" \/>\n<meta property=\"og:description\" content=\"Mootor 125cc 4 takti,\u00f5hkjahutus,automaat K\u00e4igud 1 edasi neutraal 1 tagasi Starter Elektristarter Vedrustus Reguleeritavad t\u00f6\u00f6tavad \u00f5liamordid Valgustus Esi ja tagatuli Spidomeeter LCD Spidomeeter Max kandev\u00f5ime 100kg Istme k\u00f5rgus 76cm M\u00f5\u00f5dud Pikkus 147cm Laius 97cm k\u00f5rgus 100cm Rehvid ees 19*7-8&#8243; Rehvid taga 18*9,5 &#8211; 8&#8243; Max Kiirus 60km\/h piiratav Uus mudel tugevdatud raamiga ja k\u00f5ik liigendid [&hellip;]\" \/>\n<meta property=\"og:url\" content=\"https:\/\/www.relibet.ee\/woromotouus\/toode\/atv-rzf-125cc-commander-oranz-original\/\" \/>\n<meta property=\"og:site_name\" content=\"W\u00f5ro Moto\" \/>\n<meta property=\"article:modified_time\" content=\"2026-01-27T06:35:04+00:00\" \/>\n<meta property=\"og:image\" content=\"https:\/\/www.relibet.ee\/woromotouus\/wp-content\/uploads\/2024\/08\/P1019241.jpg\" \/>\n\t<meta property=\"og:image:width\" content=\"1600\" \/>\n\t<meta property=\"og:image:height\" content=\"1200\" \/>\n\t<meta property=\"og:image:type\" content=\"image\/jpeg\" \/>\n<meta name=\"twitter:card\" content=\"summary_large_image\" \/>\n<meta name=\"twitter:label1\" content=\"Est. reading time\" \/>\n\t<meta name=\"twitter:data1\" content=\"1 minut\" \/>\n<script type=\"application\/ld+json\" class=\"yoast-schema-graph\">{\"@context\":\"https:\\\/\\\/schema.org\",\"@graph\":[{\"@type\":\"WebPage\",\"@id\":\"https:\\\/\\\/www.relibet.ee\\\/woromotouus\\\/toode\\\/atv-rzf-125cc-commander-oranz-original\\\/\",\"url\":\"https:\\\/\\\/www.relibet.ee\\\/woromotouus\\\/toode\\\/atv-rzf-125cc-commander-oranz-original\\\/\",\"name\":\"ATV RZF 125CC COMMANDER ORANZ ORIGINAL - W\u00f5ro Moto\",\"isPartOf\":{\"@id\":\"https:\\\/\\\/www.relibet.ee\\\/woromotouus\\\/#website\"},\"primaryImageOfPage\":{\"@id\":\"https:\\\/\\\/www.relibet.ee\\\/woromotouus\\\/toode\\\/atv-rzf-125cc-commander-oranz-original\\\/#primaryimage\"},\"image\":{\"@id\":\"https:\\\/\\\/www.relibet.ee\\\/woromotouus\\\/toode\\\/atv-rzf-125cc-commander-oranz-original\\\/#primaryimage\"},\"thumbnailUrl\":\"https:\\\/\\\/www.relibet.ee\\\/woromotouus\\\/wp-content\\\/uploads\\\/2024\\\/08\\\/P1019241.jpg\",\"datePublished\":\"2024-08-02T10:59:58+00:00\",\"dateModified\":\"2026-01-27T06:35:04+00:00\",\"breadcrumb\":{\"@id\":\"https:\\\/\\\/www.relibet.ee\\\/woromotouus\\\/toode\\\/atv-rzf-125cc-commander-oranz-original\\\/#breadcrumb\"},\"inLanguage\":\"et\",\"potentialAction\":[{\"@type\":\"ReadAction\",\"target\":[\"https:\\\/\\\/www.relibet.ee\\\/woromotouus\\\/toode\\\/atv-rzf-125cc-commander-oranz-original\\\/\"]}]},{\"@type\":\"ImageObject\",\"inLanguage\":\"et\",\"@id\":\"https:\\\/\\\/www.relibet.ee\\\/woromotouus\\\/toode\\\/atv-rzf-125cc-commander-oranz-original\\\/#primaryimage\",\"url\":\"https:\\\/\\\/www.relibet.ee\\\/woromotouus\\\/wp-content\\\/uploads\\\/2024\\\/08\\\/P1019241.jpg\",\"contentUrl\":\"https:\\\/\\\/www.relibet.ee\\\/woromotouus\\\/wp-content\\\/uploads\\\/2024\\\/08\\\/P1019241.jpg\",\"width\":1600,\"height\":1200,\"caption\":\"OLYMPUS DIGITAL CAMERA\"},{\"@type\":\"BreadcrumbList\",\"@id\":\"https:\\\/\\\/www.relibet.ee\\\/woromotouus\\\/toode\\\/atv-rzf-125cc-commander-oranz-original\\\/#breadcrumb\",\"itemListElement\":[{\"@type\":\"ListItem\",\"position\":1,\"name\":\"Home\",\"item\":\"https:\\\/\\\/www.relibet.ee\\\/woromotouus\\\/\"},{\"@type\":\"ListItem\",\"position\":2,\"name\":\"Pood\",\"item\":\"https:\\\/\\\/www.relibet.ee\\\/woromotouus\\\/\"},{\"@type\":\"ListItem\",\"position\":3,\"name\":\"ATV RZF 125CC COMMANDER ORANZ ORIGINAL\"}]},{\"@type\":\"WebSite\",\"@id\":\"https:\\\/\\\/www.relibet.ee\\\/woromotouus\\\/#website\",\"url\":\"https:\\\/\\\/www.relibet.ee\\\/woromotouus\\\/\",\"name\":\"W\u00f5ro Moto\",\"description\":\"Mototehnika e-pood\",\"publisher\":{\"@id\":\"https:\\\/\\\/www.relibet.ee\\\/woromotouus\\\/#organization\"},\"potentialAction\":[{\"@type\":\"SearchAction\",\"target\":{\"@type\":\"EntryPoint\",\"urlTemplate\":\"https:\\\/\\\/www.relibet.ee\\\/woromotouus\\\/?s={search_term_string}\"},\"query-input\":{\"@type\":\"PropertyValueSpecification\",\"valueRequired\":true,\"valueName\":\"search_term_string\"}}],\"inLanguage\":\"et\"},{\"@type\":\"Organization\",\"@id\":\"https:\\\/\\\/www.relibet.ee\\\/woromotouus\\\/#organization\",\"name\":\"Relibet O\u00dc\",\"url\":\"https:\\\/\\\/www.relibet.ee\\\/woromotouus\\\/\",\"logo\":{\"@type\":\"ImageObject\",\"inLanguage\":\"et\",\"@id\":\"https:\\\/\\\/www.relibet.ee\\\/woromotouus\\\/#\\\/schema\\\/logo\\\/image\\\/\",\"url\":\"https:\\\/\\\/www.relibet.ee\\\/woromotouus\\\/wp-content\\\/uploads\\\/2018\\\/04\\\/W\u00f5romoto_logo.png\",\"contentUrl\":\"https:\\\/\\\/www.relibet.ee\\\/woromotouus\\\/wp-content\\\/uploads\\\/2018\\\/04\\\/W\u00f5romoto_logo.png\",\"width\":200,\"height\":50,\"caption\":\"Relibet O\u00dc\"},\"image\":{\"@id\":\"https:\\\/\\\/www.relibet.ee\\\/woromotouus\\\/#\\\/schema\\\/logo\\\/image\\\/\"}}]}<\/script>\n<!-- \/ Yoast SEO plugin. -->","yoast_head_json":{"title":"ATV RZF 125CC COMMANDER ORANZ ORIGINAL - W\u00f5ro Moto","robots":{"index":"index","follow":"follow","max-snippet":"max-snippet:-1","max-image-preview":"max-image-preview:large","max-video-preview":"max-video-preview:-1"},"canonical":"https:\/\/www.relibet.ee\/woromotouus\/toode\/atv-rzf-125cc-commander-oranz-original\/","og_locale":"et_EE","og_type":"article","og_title":"ATV RZF 125CC COMMANDER ORANZ ORIGINAL - W\u00f5ro Moto","og_description":"Mootor 125cc 4 takti,\u00f5hkjahutus,automaat K\u00e4igud 1 edasi neutraal 1 tagasi Starter Elektristarter Vedrustus Reguleeritavad t\u00f6\u00f6tavad \u00f5liamordid Valgustus Esi ja tagatuli Spidomeeter LCD Spidomeeter Max kandev\u00f5ime 100kg Istme k\u00f5rgus 76cm M\u00f5\u00f5dud Pikkus 147cm Laius 97cm k\u00f5rgus 100cm Rehvid ees 19*7-8&#8243; Rehvid taga 18*9,5 &#8211; 8&#8243; Max Kiirus 60km\/h piiratav Uus mudel tugevdatud raamiga ja k\u00f5ik liigendid [&hellip;]","og_url":"https:\/\/www.relibet.ee\/woromotouus\/toode\/atv-rzf-125cc-commander-oranz-original\/","og_site_name":"W\u00f5ro Moto","article_modified_time":"2026-01-27T06:35:04+00:00","og_image":[{"width":1600,"height":1200,"url":"https:\/\/www.relibet.ee\/woromotouus\/wp-content\/uploads\/2024\/08\/P1019241.jpg","type":"image\/jpeg"}],"twitter_card":"summary_large_image","twitter_misc":{"Est. reading time":"1 minut"},"schema":{"@context":"https:\/\/schema.org","@graph":[{"@type":"WebPage","@id":"https:\/\/www.relibet.ee\/woromotouus\/toode\/atv-rzf-125cc-commander-oranz-original\/","url":"https:\/\/www.relibet.ee\/woromotouus\/toode\/atv-rzf-125cc-commander-oranz-original\/","name":"ATV RZF 125CC COMMANDER ORANZ ORIGINAL - W\u00f5ro Moto","isPartOf":{"@id":"https:\/\/www.relibet.ee\/woromotouus\/#website"},"primaryImageOfPage":{"@id":"https:\/\/www.relibet.ee\/woromotouus\/toode\/atv-rzf-125cc-commander-oranz-original\/#primaryimage"},"image":{"@id":"https:\/\/www.relibet.ee\/woromotouus\/toode\/atv-rzf-125cc-commander-oranz-original\/#primaryimage"},"thumbnailUrl":"https:\/\/www.relibet.ee\/woromotouus\/wp-content\/uploads\/2024\/08\/P1019241.jpg","datePublished":"2024-08-02T10:59:58+00:00","dateModified":"2026-01-27T06:35:04+00:00","breadcrumb":{"@id":"https:\/\/www.relibet.ee\/woromotouus\/toode\/atv-rzf-125cc-commander-oranz-original\/#breadcrumb"},"inLanguage":"et","potentialAction":[{"@type":"ReadAction","target":["https:\/\/www.relibet.ee\/woromotouus\/toode\/atv-rzf-125cc-commander-oranz-original\/"]}]},{"@type":"ImageObject","inLanguage":"et","@id":"https:\/\/www.relibet.ee\/woromotouus\/toode\/atv-rzf-125cc-commander-oranz-original\/#primaryimage","url":"https:\/\/www.relibet.ee\/woromotouus\/wp-content\/uploads\/2024\/08\/P1019241.jpg","contentUrl":"https:\/\/www.relibet.ee\/woromotouus\/wp-content\/uploads\/2024\/08\/P1019241.jpg","width":1600,"height":1200,"caption":"OLYMPUS DIGITAL CAMERA"},{"@type":"BreadcrumbList","@id":"https:\/\/www.relibet.ee\/woromotouus\/toode\/atv-rzf-125cc-commander-oranz-original\/#breadcrumb","itemListElement":[{"@type":"ListItem","position":1,"name":"Home","item":"https:\/\/www.relibet.ee\/woromotouus\/"},{"@type":"ListItem","position":2,"name":"Pood","item":"https:\/\/www.relibet.ee\/woromotouus\/"},{"@type":"ListItem","position":3,"name":"ATV RZF 125CC COMMANDER ORANZ ORIGINAL"}]},{"@type":"WebSite","@id":"https:\/\/www.relibet.ee\/woromotouus\/#website","url":"https:\/\/www.relibet.ee\/woromotouus\/","name":"W\u00f5ro Moto","description":"Mototehnika e-pood","publisher":{"@id":"https:\/\/www.relibet.ee\/woromotouus\/#organization"},"potentialAction":[{"@type":"SearchAction","target":{"@type":"EntryPoint","urlTemplate":"https:\/\/www.relibet.ee\/woromotouus\/?s={search_term_string}"},"query-input":{"@type":"PropertyValueSpecification","valueRequired":true,"valueName":"search_term_string"}}],"inLanguage":"et"},{"@type":"Organization","@id":"https:\/\/www.relibet.ee\/woromotouus\/#organization","name":"Relibet O\u00dc","url":"https:\/\/www.relibet.ee\/woromotouus\/","logo":{"@type":"ImageObject","inLanguage":"et","@id":"https:\/\/www.relibet.ee\/woromotouus\/#\/schema\/logo\/image\/","url":"https:\/\/www.relibet.ee\/woromotouus\/wp-content\/uploads\/2018\/04\/W\u00f5romoto_logo.png","contentUrl":"https:\/\/www.relibet.ee\/woromotouus\/wp-content\/uploads\/2018\/04\/W\u00f5romoto_logo.png","width":200,"height":50,"caption":"Relibet O\u00dc"},"image":{"@id":"https:\/\/www.relibet.ee\/woromotouus\/#\/schema\/logo\/image\/"}}]}},"_links":{"self":[{"href":"https:\/\/www.relibet.ee\/woromotouus\/wp-json\/wp\/v2\/product\/20956","targetHints":{"allow":["GET"]}}],"collection":[{"href":"https:\/\/www.relibet.ee\/woromotouus\/wp-json\/wp\/v2\/product"}],"about":[{"href":"https:\/\/www.relibet.ee\/woromotouus\/wp-json\/wp\/v2\/types\/product"}],"version-history":[{"count":1,"href":"https:\/\/www.relibet.ee\/woromotouus\/wp-json\/wp\/v2\/product\/20956\/revisions"}],"predecessor-version":[{"id":20966,"href":"https:\/\/www.relibet.ee\/woromotouus\/wp-json\/wp\/v2\/product\/20956\/revisions\/20966"}],"wp:featuredmedia":[{"embeddable":true,"href":"https:\/\/www.relibet.ee\/woromotouus\/wp-json\/wp\/v2\/media\/20958"}],"wp:attachment":[{"href":"https:\/\/www.relibet.ee\/woromotouus\/wp-json\/wp\/v2\/media?parent=20956"}],"wp:term":[{"taxonomy":"product_brand","embeddable":true,"href":"https:\/\/www.relibet.ee\/woromotouus\/wp-json\/wp\/v2\/product_brand?post=20956"},{"taxonomy":"product_cat","embeddable":true,"href":"https:\/\/www.relibet.ee\/woromotouus\/wp-json\/wp\/v2\/product_cat?post=20956"},{"taxonomy":"product_tag","embeddable":true,"href":"https:\/\/www.relibet.ee\/woromotouus\/wp-json\/wp\/v2\/product_tag?post=20956"}],"curies":[{"name":"wp","href":"https:\/\/api.w.org\/{rel}","templated":true}]}}